{"id":40,"date":"2021-08-17T12:31:02","date_gmt":"2021-08-17T10:31:02","guid":{"rendered":"http:\/\/www.jaxvonprant.at\/?page_id=40"},"modified":"2021-08-17T12:33:54","modified_gmt":"2021-08-17T10:33:54","slug":"impressum","status":"publish","type":"page","link":"http:\/\/www.jaxvonprant.at\/?page_id=40","title":{"rendered":"Impressum"},"content":{"rendered":"\t\t<div data-elementor-type=\"wp-page\" data-elementor-id=\"40\" class=\"elementor elementor-40\">\n\t\t\t\t\t\t\t\t\t<section class=\"elementor-section elementor-top-section elementor-element elementor-element-6bc66ce elementor-section-boxed elementor-section-height-default elementor-section-height-default\" data-id=\"6bc66ce\" data-element_type=\"section\">\n\t\t\t\t\t\t<div class=\"elementor-container elementor-column-gap-default\">\n\t\t\t\t\t<div class=\"elementor-column elementor-col-100 elementor-top-column elementor-element elementor-element-66619a5\" data-id=\"66619a5\" data-element_type=\"column\">\n\t\t\t<div class=\"elementor-widget-wrap elementor-element-populated\">\n\t\t\t\t\t\t\t\t<div class=\"elementor-element elementor-element-7554b94 elementor-widget elementor-widget-image\" data-id=\"7554b94\" data-element_type=\"widget\" data-widget_type=\"image.default\">\n\t\t\t\t<div class=\"elementor-widget-container\">\n\t\t\t<style>\/*! elementor - v3.6.7 - 03-07-2022 *\/\n.elementor-widget-image{text-align:center}.elementor-widget-image a{display:inline-block}.elementor-widget-image a img[src$=\".svg\"]{width:48px}.elementor-widget-image img{vertical-align:middle;display:inline-block}<\/style>\t\t\t\t\t\t\t\t\t\t\t\t<img loading=\"lazy\" decoding=\"async\" width=\"1024\" height=\"395\" src=\"http:\/\/www.jaxvonprant.at\/wp-content\/uploads\/2021\/08\/Impressum_jaxvonprant-1024x395.jpg\" class=\"attachment-large size-large\" alt=\"\" srcset=\"http:\/\/www.jaxvonprant.at\/wp-content\/uploads\/2021\/08\/Impressum_jaxvonprant-1024x395.jpg 1024w, http:\/\/www.jaxvonprant.at\/wp-content\/uploads\/2021\/08\/Impressum_jaxvonprant-300x116.jpg 300w, http:\/\/www.jaxvonprant.at\/wp-content\/uploads\/2021\/08\/Impressum_jaxvonprant-768x296.jpg 768w, http:\/\/www.jaxvonprant.at\/wp-content\/uploads\/2021\/08\/Impressum_jaxvonprant.jpg 1073w\" sizes=\"auto, (max-width: 1024px) 100vw, 1024px\" \/>\t\t\t\t\t\t\t\t\t\t\t\t\t\t\t<\/div>\n\t\t\t\t<\/div>\n\t\t\t\t\t<\/div>\n\t\t<\/div>\n\t\t\t\t\t\t\t<\/div>\n\t\t<\/section>\n\t\t\t\t<section class=\"elementor-section elementor-top-section elementor-element elementor-element-a88697c elementor-section-boxed elementor-section-height-default elementor-section-height-default\" data-id=\"a88697c\" data-element_type=\"section\">\n\t\t\t\t\t\t<div class=\"elementor-container elementor-column-gap-default\">\n\t\t\t\t\t<div class=\"elementor-column elementor-col-100 elementor-top-column elementor-element elementor-element-4af3cfc\" data-id=\"4af3cfc\" data-element_type=\"column\">\n\t\t\t<div class=\"elementor-widget-wrap elementor-element-populated\">\n\t\t\t\t\t\t\t\t<div class=\"elementor-element elementor-element-9c74ad1 elementor-widget elementor-widget-text-editor\" data-id=\"9c74ad1\" data-element_type=\"widget\" data-widget_type=\"text-editor.default\">\n\t\t\t\t<div class=\"elementor-widget-container\">\n\t\t\t<style>\/*! elementor - v3.6.7 - 03-07-2022 *\/\n.elementor-widget-text-editor.elementor-drop-cap-view-stacked .elementor-drop-cap{background-color:#818a91;color:#fff}.elementor-widget-text-editor.elementor-drop-cap-view-framed .elementor-drop-cap{color:#818a91;border:3px solid;background-color:transparent}.elementor-widget-text-editor:not(.elementor-drop-cap-view-default) .elementor-drop-cap{margin-top:8px}.elementor-widget-text-editor:not(.elementor-drop-cap-view-default) .elementor-drop-cap-letter{width:1em;height:1em}.elementor-widget-text-editor .elementor-drop-cap{float:left;text-align:center;line-height:1;font-size:50px}.elementor-widget-text-editor .elementor-drop-cap-letter{display:inline-block}<\/style>\t\t\t\t<h3><span style=\"color: #ffffff;\">Inhalt des Onlineangebotes<\/span><\/h3><p><span style=\"color: #ffffff;\">Die f\u00fcr diese Homepage\/Seiten laut Impressum verantwortliche Firma\/Rechtspers\u00f6nlichkeit\/Person (im Folgenden \u201eSeitenverantwortlicher\u201c genannt) \u00fcbernimmt keinerlei Gew\u00e4hr f\u00fcr die Aktualit\u00e4t, Korrektheit, Vollst\u00e4ndigkeit oder Qualit\u00e4t der bereitgestellten Informationen. Haftungsanspr\u00fcche gegen den Seitenverantwortlichen, welche sich auf Sch\u00e4den materieller oder ideeller Art beziehen, die durch die Nutzung oder Nichtnutzung der dargebotenen Informationen bzw. durch die Nutzung fehlerhafter und unvollst\u00e4ndiger Informationen verursacht wurden, sind grunds\u00e4tzlich ausgeschlossen, sofern seitens des Seitenverantwortlichen kein nachweislich vors\u00e4tzliches oder grob fahrl\u00e4ssiges Verschulden vorliegt. Alle Angebote sind freibleibend und unverbindlich. Der Seitenverantwortliche beh\u00e4lt es sich ausdr\u00fccklich vor, Teile der Seiten oder das gesamte Angebot ohne gesonderte Ank\u00fcndigung zu ver\u00e4ndern, zu erg\u00e4nzen, zu l\u00f6schen oder die Ver\u00f6ffentlichung zeitweise oder endg\u00fcltig einzustellen.<\/span><\/p><h3><span style=\"color: #ffffff;\">Verweise und Links<\/span><\/h3><p><span style=\"color: #ffffff;\">Bei direkten oder indirekten Verweisen auf fremde Internetseiten [Links], die au\u00dferhalb des Verantwortungsbereiches des Seitenverantwortlichen liegen, w\u00fcrde eine Haftungsverpflichtung ausschlie\u00dflich in dem Fall in Kraft treten, in dem der Seitenverantwortliche von den Inhalten Kenntnis hat und es ihm technisch m\u00f6glich und zumutbar w\u00e4re, die Nutzung im Falle rechtswidriger Inhalte zu verhindern. Der Seitenverantwortliche erkl\u00e4rt hiermit ausdr\u00fccklich, dass zum Zeitpunkt der Linksetzung keine illegalen Inhalte auf den zu verlinkenden Seiten erkennbar waren. Auf die aktuelle und zuk\u00fcnftige Gestaltung, die Inhalte oder die Urheberschaft der gelinkten\/verkn\u00fcpften Seiten hat der Seitenverantwortliche keinerlei Einfluss. Deshalb distanziert er sich hiermit ausdr\u00fccklich von allen Inhalten aller gelinkten \/ verkn\u00fcpften Seiten, die nach der Linksetzung ver\u00e4ndert wurden. Diese Feststellung gilt f\u00fcr alle innerhalb des eigenen Internetangebotes gesetzten Links und Verweise sowie f\u00fcr Fremdeintr\u00e4ge in vom Seitenverantwortlichen eingerichteten G\u00e4steb\u00fcchern, Diskussionsforen und Mailinglisten. F\u00fcr illegale, fehlerhafte oder unvollst\u00e4ndige Inhalte und insbesondere f\u00fcr Sch\u00e4den, die aus der Nutzung oder Nichtnutzung solcherart dargebotener Informationen entstehen, haftet allein der Anbieter der Seite, auf welche verwiesen wurde, nicht derjenige, der \u00fcber Links auf die jeweilige Ver\u00f6ffentlichung lediglich verweist.<\/span><\/p><h3><span style=\"color: #ffffff;\">Urheber- und Kennzeichenrecht<\/span><\/h3><p><span style=\"color: #ffffff;\">Der Seitenverantwortliche ist bestrebt, in allen Publikationen die Urheberrechte der verwendeten Grafiken, Tondokumente, Videosequenzen und Texte zu beachten, von ihm selbst erstellte Grafiken, Tondokumente, Videosequenzen und Texte zu nutzen oder auf lizenzfreie Grafiken, Tondokumente, Videosequenzen und Texte zur\u00fcckzugreifen. Alle innerhalb des Internetangebotes genannten und ggf. durch Dritte gesch\u00fctzten Marken- und Warenzeichen unterliegen uneingeschr\u00e4nkt den Bestimmungen des jeweils g\u00fcltigen Kennzeichenrechts und den Besitzrechten der jeweiligen eingetragenen Eigent\u00fcmer. Allein aufgrund der blo\u00dfen Nennung ist nicht der Schlu\u00df zu ziehen, dass Markenzeichen nicht durch Rechte Dritter gesch\u00fctzt sind! Das Copyright f\u00fcr ver\u00f6ffentlichte, vom Seitenverantwortlichen selbst erstellte Objekte bleibt allein beim Seitenverantwortlichen der Seiten. Eine Vervielf\u00e4ltigung oder Verwendung solcher Grafiken, Tondokumente, Videosequenzen und Texte in anderen elektronischen oder gedruckten Publikationen ist ohne ausdr\u00fcckliche Zustimmung des Seitenverantwortlichen nicht gestattet.<\/span><\/p>\t\t\t\t\t\t<\/div>\n\t\t\t\t<\/div>\n\t\t\t\t\t<\/div>\n\t\t<\/div>\n\t\t\t\t\t\t\t<\/div>\n\t\t<\/section>\n\t\t\t\t\t\t\t<\/div>\n\t\t","protected":false},"excerpt":{"rendered":"<p>Inhalt des Onlineangebotes Die f\u00fcr diese Homepage\/Seiten laut Impressum verantwortliche Firma\/Rechtspers\u00f6nlichkeit\/Person (im Folgenden \u201eSeitenverantwortlicher\u201c genannt) \u00fcbernimmt keinerlei Gew\u00e4hr f\u00fcr die Aktualit\u00e4t, Korrektheit, Vollst\u00e4ndigkeit oder Qualit\u00e4t der bereitgestellten Informationen. Haftungsanspr\u00fcche gegen den Seitenverantwortlichen, welche sich auf Sch\u00e4den materieller oder ideeller Art beziehen, die durch die Nutzung oder Nichtnutzung der dargebotenen Informationen bzw. durch die Nutzung fehlerhafter [&hellip;]<\/p>\n","protected":false},"author":1,"featured_media":0,"parent":0,"menu_order":0,"comment_status":"closed","ping_status":"closed","template":"","meta":{"footnotes":""},"class_list":["post-40","page","type-page","status-publish","hentry","entry"],"yoast_head":"<!-- This site is optimized with the Yoast SEO plugin v19.2 - https:\/\/yoast.com\/wordpress\/plugins\/seo\/ -->\n<title>Impressum - JaxVonPrant<\/title>\n<meta name=\"robots\" content=\"index, follow, max-snippet:-1, max-image-preview:large, max-video-preview:-1\" \/>\n<link rel=\"canonical\" href=\"https:\/\/www.jaxvonprant.at\/?page_id=40\" \/>\n<meta property=\"og:locale\" content=\"en_US\" \/>\n<meta property=\"og:type\" content=\"article\" \/>\n<meta property=\"og:title\" content=\"Impressum - JaxVonPrant\" \/>\n<meta property=\"og:description\" content=\"Inhalt des Onlineangebotes Die f\u00fcr diese Homepage\/Seiten laut Impressum verantwortliche Firma\/Rechtspers\u00f6nlichkeit\/Person (im Folgenden \u201eSeitenverantwortlicher\u201c genannt) \u00fcbernimmt keinerlei Gew\u00e4hr f\u00fcr die Aktualit\u00e4t, Korrektheit, Vollst\u00e4ndigkeit oder Qualit\u00e4t der bereitgestellten Informationen. Haftungsanspr\u00fcche gegen den Seitenverantwortlichen, welche sich auf Sch\u00e4den materieller oder ideeller Art beziehen, die durch die Nutzung oder Nichtnutzung der dargebotenen Informationen bzw. durch die Nutzung fehlerhafter [&hellip;]\" \/>\n<meta property=\"og:url\" content=\"https:\/\/www.jaxvonprant.at\/?page_id=40\" \/>\n<meta property=\"og:site_name\" content=\"JaxVonPrant\" \/>\n<meta property=\"article:modified_time\" content=\"2021-08-17T10:33:54+00:00\" \/>\n<meta property=\"og:image\" content=\"http:\/\/www.jaxvonprant.at\/wp-content\/uploads\/2021\/08\/Impressum_jaxvonprant-1024x395.jpg\" \/>\n<meta name=\"author\" content=\"VIA SAUM BEHM\" \/>\n<meta name=\"twitter:card\" content=\"summary_large_image\" \/>\n<meta name=\"twitter:label1\" content=\"Est. reading time\" \/>\n\t<meta name=\"twitter:data1\" content=\"3 minutes\" \/>\n<script type=\"application\/ld+json\" class=\"yoast-schema-graph\">{\"@context\":\"https:\/\/schema.org\",\"@graph\":[{\"@type\":\"WebSite\",\"@id\":\"https:\/\/www.jaxvonprant.at\/#website\",\"url\":\"https:\/\/www.jaxvonprant.at\/\",\"name\":\"JaxVonPrant\",\"description\":\"\",\"potentialAction\":[{\"@type\":\"SearchAction\",\"target\":{\"@type\":\"EntryPoint\",\"urlTemplate\":\"https:\/\/www.jaxvonprant.at\/?s={search_term_string}\"},\"query-input\":\"required name=search_term_string\"}],\"inLanguage\":\"en-US\"},{\"@type\":\"ImageObject\",\"inLanguage\":\"en-US\",\"@id\":\"https:\/\/www.jaxvonprant.at\/?page_id=40#primaryimage\",\"url\":\"http:\/\/www.jaxvonprant.at\/wp-content\/uploads\/2021\/08\/Impressum_jaxvonprant.jpg\",\"contentUrl\":\"http:\/\/www.jaxvonprant.at\/wp-content\/uploads\/2021\/08\/Impressum_jaxvonprant.jpg\",\"width\":1073,\"height\":414},{\"@type\":\"WebPage\",\"@id\":\"https:\/\/www.jaxvonprant.at\/?page_id=40#webpage\",\"url\":\"https:\/\/www.jaxvonprant.at\/?page_id=40\",\"name\":\"Impressum - JaxVonPrant\",\"isPartOf\":{\"@id\":\"https:\/\/www.jaxvonprant.at\/#website\"},\"primaryImageOfPage\":{\"@id\":\"https:\/\/www.jaxvonprant.at\/?page_id=40#primaryimage\"},\"datePublished\":\"2021-08-17T10:31:02+00:00\",\"dateModified\":\"2021-08-17T10:33:54+00:00\",\"breadcrumb\":{\"@id\":\"https:\/\/www.jaxvonprant.at\/?page_id=40#breadcrumb\"},\"inLanguage\":\"en-US\",\"potentialAction\":[{\"@type\":\"ReadAction\",\"target\":[\"https:\/\/www.jaxvonprant.at\/?page_id=40\"]}]},{\"@type\":\"BreadcrumbList\",\"@id\":\"https:\/\/www.jaxvonprant.at\/?page_id=40#breadcrumb\",\"itemListElement\":[{\"@type\":\"ListItem\",\"position\":1,\"name\":\"Startseite\",\"item\":\"https:\/\/www.jaxvonprant.at\/\"},{\"@type\":\"ListItem\",\"position\":2,\"name\":\"Impressum\"}]}]}<\/script>\n<!-- \/ Yoast SEO plugin. -->","yoast_head_json":{"title":"Impressum - JaxVonPrant","robots":{"index":"index","follow":"follow","max-snippet":"max-snippet:-1","max-image-preview":"max-image-preview:large","max-video-preview":"max-video-preview:-1"},"canonical":"https:\/\/www.jaxvonprant.at\/?page_id=40","og_locale":"en_US","og_type":"article","og_title":"Impressum - JaxVonPrant","og_description":"Inhalt des Onlineangebotes Die f\u00fcr diese Homepage\/Seiten laut Impressum verantwortliche Firma\/Rechtspers\u00f6nlichkeit\/Person (im Folgenden \u201eSeitenverantwortlicher\u201c genannt) \u00fcbernimmt keinerlei Gew\u00e4hr f\u00fcr die Aktualit\u00e4t, Korrektheit, Vollst\u00e4ndigkeit oder Qualit\u00e4t der bereitgestellten Informationen. Haftungsanspr\u00fcche gegen den Seitenverantwortlichen, welche sich auf Sch\u00e4den materieller oder ideeller Art beziehen, die durch die Nutzung oder Nichtnutzung der dargebotenen Informationen bzw. durch die Nutzung fehlerhafter [&hellip;]","og_url":"https:\/\/www.jaxvonprant.at\/?page_id=40","og_site_name":"JaxVonPrant","article_modified_time":"2021-08-17T10:33:54+00:00","og_image":[{"url":"http:\/\/www.jaxvonprant.at\/wp-content\/uploads\/2021\/08\/Impressum_jaxvonprant-1024x395.jpg"}],"author":"VIA SAUM BEHM","twitter_card":"summary_large_image","twitter_misc":{"Est. reading time":"3 minutes"},"schema":{"@context":"https:\/\/schema.org","@graph":[{"@type":"WebSite","@id":"https:\/\/www.jaxvonprant.at\/#website","url":"https:\/\/www.jaxvonprant.at\/","name":"JaxVonPrant","description":"","potentialAction":[{"@type":"SearchAction","target":{"@type":"EntryPoint","urlTemplate":"https:\/\/www.jaxvonprant.at\/?s={search_term_string}"},"query-input":"required name=search_term_string"}],"inLanguage":"en-US"},{"@type":"ImageObject","inLanguage":"en-US","@id":"https:\/\/www.jaxvonprant.at\/?page_id=40#primaryimage","url":"http:\/\/www.jaxvonprant.at\/wp-content\/uploads\/2021\/08\/Impressum_jaxvonprant.jpg","contentUrl":"http:\/\/www.jaxvonprant.at\/wp-content\/uploads\/2021\/08\/Impressum_jaxvonprant.jpg","width":1073,"height":414},{"@type":"WebPage","@id":"https:\/\/www.jaxvonprant.at\/?page_id=40#webpage","url":"https:\/\/www.jaxvonprant.at\/?page_id=40","name":"Impressum - JaxVonPrant","isPartOf":{"@id":"https:\/\/www.jaxvonprant.at\/#website"},"primaryImageOfPage":{"@id":"https:\/\/www.jaxvonprant.at\/?page_id=40#primaryimage"},"datePublished":"2021-08-17T10:31:02+00:00","dateModified":"2021-08-17T10:33:54+00:00","breadcrumb":{"@id":"https:\/\/www.jaxvonprant.at\/?page_id=40#breadcrumb"},"inLanguage":"en-US","potentialAction":[{"@type":"ReadAction","target":["https:\/\/www.jaxvonprant.at\/?page_id=40"]}]},{"@type":"BreadcrumbList","@id":"https:\/\/www.jaxvonprant.at\/?page_id=40#breadcrumb","itemListElement":[{"@type":"ListItem","position":1,"name":"Startseite","item":"https:\/\/www.jaxvonprant.at\/"},{"@type":"ListItem","position":2,"name":"Impressum"}]}]}},"_links":{"self":[{"href":"http:\/\/www.jaxvonprant.at\/index.php?rest_route=\/wp\/v2\/pages\/40","targetHints":{"allow":["GET"]}}],"collection":[{"href":"http:\/\/www.jaxvonprant.at\/index.php?rest_route=\/wp\/v2\/pages"}],"about":[{"href":"http:\/\/www.jaxvonprant.at\/index.php?rest_route=\/wp\/v2\/types\/page"}],"author":[{"embeddable":true,"href":"http:\/\/www.jaxvonprant.at\/index.php?rest_route=\/wp\/v2\/users\/1"}],"replies":[{"embeddable":true,"href":"http:\/\/www.jaxvonprant.at\/index.php?rest_route=%2Fwp%2Fv2%2Fcomments&post=40"}],"version-history":[{"count":4,"href":"http:\/\/www.jaxvonprant.at\/index.php?rest_route=\/wp\/v2\/pages\/40\/revisions"}],"predecessor-version":[{"id":45,"href":"http:\/\/www.jaxvonprant.at\/index.php?rest_route=\/wp\/v2\/pages\/40\/revisions\/45"}],"wp:attachment":[{"href":"http:\/\/www.jaxvonprant.at\/index.php?rest_route=%2Fwp%2Fv2%2Fmedia&parent=40"}],"curies":[{"name":"wp","href":"https:\/\/api.w.org\/{rel}","templated":true}]}}